n 15374 is divided by 248?
246
Calculate the remainder when 2202 is divided by 35.
32
Calculate the remainder when 21 is divided by 12.
9
What is the remainder when 289 is divided by 13?
3
What is the remainder when 149 is divided by 57?
35
Calculate the remainder when 458 is divided by 154.
150
What is the remainder when 401 is divided by 15?
11
What is the remainder when 1544 is divided by 130?
114
Calculate the remainder when 5 is divided by 3.
2
Calculate the remainder when 6504 is divided by 2157.
33
What is the remainder when 78 is divided by 41?
37
Calculate the remainder when 96 is divided by 41.
14
Calculate the remainder when 1055 is divided by 132.
131
Calculate the remainder when 352 is divided by 51.
46
What is the remainder when 1605 is divided by 73?
72
What is the remainder when 114 is divided by 25?
14
What is the remainder when 2728 is divided by 21?
19
Calculate the remainder when 3257 is divided by 204.
197
What is the remainder when 353 is divided by 222?
131
Calculate the remainder when 4187 is divided by 52.
27
Calculate the remainder when 1327 is divided by 22.
7
Calculate the remainder when 3794 is divided by 141.
128
What is the remainder when 182 is divided by 76?
30
Calculate the remainder when 3727 is divided by 8.
7
What is the remainder when 231 is divided by 8?
7
Calculate the remainder when 128 is divided by 51.
26
What is the remainder when 8182 is divided by 46?
40
Calculate the remainder when 368 is divided by 137.
94
Calculate the remainder when 2098 is divided by 301.
292
Calculate the remainder when 776 is divided by 15.
11
Calculate the remainder when 220 is divided by 66.
22
Calculate the remainder when 140 is divided by 98.
42
What is the remainder when 923 is divided by 116?
111
What is the remainder when 99 is divided by 25?
24
Calculate the remainder when 552 is divided by 164.
60
Calculate the remainder when 75 is divided by 12.
3
What is the remainder when 281 is divided by 21?
8
What is the remainder when 207 is divided by 14?
11
What is the remainder when 179 is divided by 27?
17
What is the remainder when 623 is divided by 52?
51
Calculate the remainder when 741 is divided by 152.
133
What is the remainder when 137 is divided by 6?
5
Calculate the remainder when 365 is divided by 37.
32
What is the remainder when 155 is divided by 16?
11
What is the remainder when 1302 is divided by 8?
6
What is the remainder when 382 is divided by 41?
13
What is the remainder when 220 is divided by 210?
10
Calculate the remainder when 671 is divided by 270.
131
Calculate the remainder when 1177 is divided by 519.
139
Calculate the remainder when 4625 is divided by 9.
8
What is the remainder when 2092 is divided by 693?
13
What is the remainder when 110 is divided by 38?
34
What is the remainder when 56 is divided by 35?
21
What is the remainder when 2109 is divided by 23?
16
What is the remainder when 906 is divided by 26?
22
Calculate the remainder when 744 is divided by 149.
148
What is the remainder when 149 is divided by 15?
14
What is the remainder when 31413 is divided by 102?
99
What is the remainder when 12 is divided by 7?
5
What is the remainder when 66 is divided by 29?
8
What is the remainder when 2207 is divided by 138?
137
Calculate the remainder when 219 is divided by 210.
9
Calculate the remainder when 6657 is divided by 90.
87
What is the remainder when 260 is divided by 11?
7
What is the remainder when 382 is divided by 361?
21
What is the remainder when 272 is divided by 70?
62
What is the remainder when 22 is divided by 9?
4
Calculate the remainder when 636 is divided by 237.
162
Calculate the remainder when 1563 is divided by 17.
16
What is the remainder when 1744 is divided by 160?
144
Calculate the remainder when 2907 is divided by 10.
7
Calculate the remainder when 853 is divided by 108.
97
What is the remainder when 383 is divided by 30?
23
Calculate the remainder when 1885 is divided by 15.
10
What is the remainder when 3950 is divided by 24?
14
What is the remainder when 190 is divided by 98?
92
Calculate the remainder when 1234 is divided by 20.
14
Calculate the remainder when 2243 is divided by 2237.
6
Calculate the remainder when 2897 is divided by 210.
167
What is the remainder when 124 is divided by 25?
24
What is the remainder when 1155 is divided by 9?
3
What is the remainder when 4827 is divided by 142?
141
Calculate the remainder when 50 is divided by 17.
16
What is the remainder when 272 is divided by 11?
8
What is the remainder when 19220 is divided by 149?
148
Calculate the remainder when 127 is divided by 29.
11
Calculate the remainder when 438 is divided by 3.
0
What is the remainder when 3673 is divided by 610?
13
Calculate the remainder when 322 is divided by 9.
7
Calculate the remainder when 1369 is divided by 1366.
3
What is the remainder when 1244 is divided by 89?
87
What is the remainder when 1396 is divided by 177?
157
What is the remainder when 144 is divided by 21?
18
Calculate the remainder when 235 is divided by 74.
13
What is the remainder when 196 is divided by 22?
20
What is the remainder when 530 is divided by 134?
128
What is the remainder when 14696 is divided by 70?
66
Calculate the remainder when 4590 is divided by 41.
39
What is the remainder when 1189 is divided by 386?
31
What is the remainder when 3197 is divided by 247?
233
Calculate the remainder when 249 is divided by 23.
19
Calculate the remainder when 1145 is divided by 381.
2
What is the remainder when 1870 is divided by 106?
68
What is the remainder when 3082 is divided by 16?
10
Calculate the remainder when 56 is divided by 28.
0
What is the remainder when 395 is divided by 19?
15
Calculate the remainder when 284 is divided by 21.
11
What is the remainder when 635 is divided by 131?
111
What is the remainder when 1559 is divided by 65?
64
What is the remainder when 85 is divided by 30?
25
Calculate the remainder when 35 is divided by 33.
2
Calculate the remainder when 671 is divided by 96.
95
What is the remainder when 98 is divided by 25?
23
Calculate the remainder when 930 is divided by 117.
111
Calculate the remainder when 595 is divided by 130.
75
Calculate the remainder when 7 is divided by 3.
1
What is the remainder when 138 is divided by 44?
6
What is the remainder when 1849 is divided by 50?
49
What is the remainder when 206 is divided by 21?
17
Calculate the remainder when 303 is divided by 106.
91
What is the remainder when 832 is divided by 38?
34
Calculate the remainder when 170 is divided by 19.
18
Calculate the remainder when 59 is divided by 6.
5
Calculate the remainder when 156 is divided by 36.
12
Calculate the remainder when 1455 is divided by 211.
189
Calculate the remainder when 90 is divided by 33.
24
What is the remainder when 253 is divided by 83?
4
What is the remainder when 471 is divided by 153?
12
What is the remainder when 3725 is divided by 9?
8
What is the remainder when 705 is divided by 79?
73
What is the remainder when 1398 is divided by 463?
9
Calculate the remainder when 100 is divided by 30.
10
Calculate the remainder when 1578 is divided by 20.
18
Calculate the remainder when 16517 is divided by 28.
25
Calculate the remainder when 2436 is divided by 111.
105
What is the remainder when 87 is divided by 19?
11
What is the remainder when 720 is divided by 76?
36
Calculate the remainder when 1990 is divided by 83.
81
Calculate the remainder when 4133 is divided by 4125.
8
Calculate the remainder when 17 is divided by 7.
3
Calculate the remainder when 109 is divided by 56.
53
Calculate the remainder when 17593 is divided by 255.
253
What is the remainder when 311 is divided by 104?
103
What is the remainder when 518 is divided by 346?
172
Calculate the remainder when 61 is divided by 9.
7
What is the remainder when 9700 is divided by 18?
16
What is the remainder when 139 is divided by 7?
6
What is the remainder when 108 is divided by 20?
8
What is the remainder when 1615 is divided by 42?
19
What is the remainder when 545 is divided by 51?
35
What is the remainder when 96 is divided by 26?
18
Calculate the remainder when 701 is divided by 33.
8
What is the remainder when 151 is divided by 69?
13
Calculate the remainder when 339 is divided by 110.
9
Cal